hird derivative of 7*x**4/12 + 11*x**3/6 + 2*x**2. What is the tens digit of z(4)?
6
Let w(g) = 4*g - 2. Let q be w(1). Suppose q*i - 19 = 15. What is the units digit of i?
7
Suppose 8*f - 4*f = 20. Let k(r) = 27*r - 18. What is the units digit of k(f)?
7
Let f(a) = a**2 - 12*a + 70. Let x be f(19). Suppose x = c + 50. What is the tens digit of c?
5
Suppose -5*y - 383 = 4*d, 3*y - 4*d + 91 = 2*y. Let w = 158 + y. What is the units digit of w?
9
Let k = 23 - 20. What is the units digit of 0 + (3 - (-38 + k))?
8
Let c be (-8)/12*1 + (-62)/(-3). Suppose -5*l + c = 5, 3*w = 2*l + 573. What is the units digit of w?
3
Let c be ((-2)/(-3))/(14/147). Suppose 3*r - 40 = c*r. What is the units digit of 12*(-2)/(16/r)?
5
What is the hundreds digit of 27886/10 + -4 + (-78)/130?
7
Suppose -3*v - 1 = -16. Suppose -12*h + 7*h = -10. Suppose v*t + k - 35 = 6*k, k = -h*t + 8. What is the units digit of t?
5
Let p(v) = 2*v**2 + 2*v - 2. Let i be 6*(12/9 + -2). Let r be p(i). Suppose r = -2*a + 4*a. What is the tens digit of a?
1
Let n(a) = 2*a**2. Let i be n(1). Suppose 4*k + 2 = 6, -3*k + 15 = -i*z. What is the units digit of (-6)/(-4)*(-28)/z?
7
Let i(a) = -6 - a**2 + 6*a**2 + 7*a + 11 + a**2. What is the tens digit of i(-4)?
7
Suppose -3*n + n = -32. Suppose 18 + 8 = 4*l + 2*s, 5*s - 15 = 0. Let u = l + n. What is the units digit of u?
1
Let t = 102 - -48. Suppose 0 = -y - 55 + t. What is the units digit of y?
5
Suppose 2252 = 8*q - 5684. What is the hundreds digit of q?
9
What is the tens digit of 21681/18 + 3/(-2)?
0
Suppose 2164 = 9*k - 27311. What is the hundreds digit of k?
2
Let m = -16 - -24. Let w be ((-2)/(1/1))/(41/(-164)). Let t = m + w. What is the units digit of t?
6
Suppose -3*f - 2*r + 5747 = 0, 3*f - f - 3827 = 3*r. What is the tens digit of f?
1
Suppose -5*i = -i. Suppose -q + 12 = 3*g, 0 = -i*q - 2*q. Suppose -2*j - 10 = -7*j - g*r, -2*r = -j + 2. What is the units digit of j?
2
Let b(o) = o + 17. Suppose -s - 3 = 2*g - 4, 2*s - 2*g = 14. Suppose -4*u - s - 15 = 0. What is the units digit of b(u)?
2
Let k be (-1*133)/(-2 - -1). Suppose -t + 69 = 2*r, 4*r - k = -5*t + 2*t. What is the units digit of r?
7
Let h = 35 + -33. Suppose -h*l + 186 + 122 = 0. What is the units digit of l?
4
Let b = 2 - 4. Let z(l) = l**3 + 3*l**2 + l. Let u be z(b). Suppose -4*y + u*t = -5*y + 18, -5*y = -3*t - 38. What is the tens digit of y?
1
Suppose 2*s - 38 = -4*g - 8, 2*s - g - 5 = 0. Suppose -s*c + 125 = 5*k, 3*k + 104 = 4*c + 18. What is the tens digit of c?
2
Let x(v) = 2*v - 3. Let i(q) = q - 3. Let c(l) = -6*i(l) + 5*x(l). Let r be c(-2). What is the units digit of (30 - (-20)/r)*1?
6
Let z be -74*(30/(-4) - -5). Let h = z + -97. What is the tens digit of h?
8
Let p = 964 + 447. What is the thousands digit of p?
1
Suppose 23*v - 32054 = 51482. What is the tens digit of v?
3
Let r = 3 - 0. Suppose 2*l - 5 + r = 0. What is the tens digit of (-2)/(l*(-8)/116)?
2
Suppose 4*f + 5 = 5*f. Suppose -b + 3*j = 6*j - 21, -f*j + 40 = 2*b. What is the units digit of (12/b)/((-8)/(-60))?
6
Let r be 1/(-2) - (-2)/(-4) - -7. Suppose r*o + 55 = 3*i + 5*o, -4*i = 3*o - 56. What is the tens digit of i?
1
Let r = -358 + 840. What is the hundreds digit of r?
4
Let w = -14 + 9. What is the tens digit of 70 + w - (2 - 1)?
6
Suppose -5*l = -2*r - 0*l + 418, 0 = 2*r - 3*l - 422. What is the tens digit of r?
1
Suppose -1802 = -10*r + 5848. What is the hundreds digit of r?
7
Let g = -375 - -1248. What is the hundreds digit of g?
8
Let j = 419 - 420. Suppose -u = -f - 44, 249 = 5*u - 2*f + 35. Let y = j + u. What is the tens digit of y?
4
Suppose -3*b - 25 = -m + 2*b, -5*b = -2*m + 25. Suppose l - 4*l + 3 = m. What is the tens digit of (30/(-21))/(l/(-7))?
1
Suppose 0 = 23*d - 16*d - 5229. What is the hundreds digit of d?
7
Suppose -522 = -12*r + 21*r. Let x = r + 79. What is the tens digit of x?
2
Suppose 4*k + 2*a = 8054, 30*a = -4*k + 34*a + 8084. What is the thousands digit of k?
2
Suppose -q + 6*q - 20 = 0. Suppose 2*x = -5*o + 628, -4*x + 374 = q*o - o. What is the tens digit of o?
2
Suppose k - 100 + 96 = 0. Suppose k*r - 372 = -12. What is the units digit of r?
0
Let s = 2958 + -1541. What is the thousands digit of s?
1
Let d = 1 - 1. Suppose 3*o = g + 15, -3*g + 15 = -10*o + 13*o. What is the units digit of (o - d)*(3 + -1)?
0
Let b(s) = -12*s**3 - s**2 - s + 1. Let r be b(1). Let k be 2/r - (-6)/39. Suppose 0 = f - 3*w - 14 - 16, k = -f - 3*w. What is the units digit of f?
5
Let r = 9 + -8. Let l be (-10)/3*r*6. What is the tens digit of (-192)/l - (-4)/10?
1
Suppose -1168*p = -1164*p - 1260. What is the units digit of p?
5
Suppose -234 = -5*i + t, 4*i + 3*t - 58 - 114 = 0. What is the tens digit of i?
4
Let v = 40 + -27. Let z = v - -25. What is the units digit of z?
8
Let t = 5 - 6. Let s be (-14)/(-4)*(-2)/t. What is the units digit of (s/(28/80))/1?
0
Suppose 0 = z - 4, 2*f + 6*z - 2764 = 8*z. What is the tens digit of f?
8
Let z(n) = -2*n**2 - 2*n + 2 - 6*n + 2 + 4*n + n**3. What is the units digit of z(3)?
1
Suppose -44 = -2*w + 6*w. Let b = w - -14. Suppose -4*h + 37 + 50 = -b*k, 0 = 5*h - 5*k - 105. What is the units digit of h?
4
Let r(p) = 3*p - 5. Let b be -10*1*(-4)/10. Suppose 6*o + 7 = b*w + o, 3*w + 4*o = 13. What is the units digit of r(w)?
4
Suppose 5*k + 7*z = 3*z + 3751, z = -1. Suppose -3*o = 5*b - 556, 4*o - 2*b - b = k. What is the units digit of o?
7
Suppose 10*h = 13*h + 4*t - 815, 0 = 3*h + 3*t - 813. Let d = h - 136. What is the units digit of d?
3
Let d be ((-65)/(-15) + -4)*27. Suppose 38 = -7*c + d*c. What is the units digit of c?
9
Suppose 0 = -12*w + 17414 - 3890. What is the thousands digit of w?
1
Suppose 0 = 14*q - 21*q + 7350. What is the tens digit of q?
5
Let n = 23 + -32. Let r(l) = -l**3 - 5*l**2 - 4*l + 2. Let w be r(-4). What is the units digit of ((-1)/w)/(n/108)?
6
Suppose 29*q - 25*q = -5*r + 293, 4*r - 4*q = 220. What is the units digit of r?
7
Let x(a) = 13 - 7*a + 9*a + 62. What is the units digit of x(0)?
5
What is the tens digit of (467 + -2 + -3)/1?
6
Let i(o) = o**3 - 7*o**2 + 8*o - 4. Let u be i(6). What is the units digit of 2/2*8/(u/117)?
7
Suppose 0 = 5*o - 5*b - 4315, 0 = 18*o - 20*o + 5*b + 1729. What is the tens digit of o?
6
Suppose -5*v = -151 - 39. What is the tens digit of v?
3
Let u = -44 - -47. Suppose 354 + 99 = 5*v + 3*i, -4*v + 357 = -u*i. What is the units digit of v?
0
Suppose -3*v - 364 = -3*z + 92, 5*z = -2*v + 760. What is the units digit of z?
2
What is the tens digit of 1664 - ((-2)/(-5) - 7/5)?
6
Let t(x) = x**3 + 21*x**2 - 89*x - 58. What is the tens digit of t(-19)?
5
What is the hundreds digit of 16/((-896)/(-24)) + (-1436)/(-14)?
1
Let p = 10 - 12. What is the tens digit of ((-372)/16 + p)/((-2)/8)?
0
Suppose 8*m - 6*m - 1960 = 0. What is the tens digit of m?
8
Suppose 5*a - 5613 = 2*a - 3*s, -5*s - 7466 = -4*a. What is the tens digit of a?
6
What is the hundreds digit of ((-819)/42)/(339/348 + -1)?
7
Let q be (8/(-14))/(2/(-7)). Suppose 5*h = 2*j - 238, 5*j + q*h - 553 = 4*h. What is the units digit of j?
9
Let n be (5/(-4))/(5/(-60)). What is the units digit of ((-36)/n)/(18/(-120))?
6
Let r = 81 - 54. Let v be -1 - (-16 - (-2 + (-1 - -2))). Let k = r - v. What is the units digit of k?
3
Suppose -6*i + 10*i = 20. Let b(x) = -x**3 + 5*x**2 + 4*x + 2. What is the tens digit of b(i)?
2
Let s(u) = u**2 + 3*u - 10. Let g be s(5). Let q(c) = -2*c**2 - 3*c + 3. Let p be q(-3). Let b = g - p. What is the tens digit of b?
3
Let b = -20 - -1892. What is the tens digit of b?
7
Let c = 2759 - 845. What is the thousands digit of c?
1
Suppose 3*p - 630 = -84. Let z be ((-162)/7)/((-39)/p). Suppose n + 198 = 2*s + 75, 4*n - z = -2*s. What is the units digit of s?
0
Let o = 1651 + 1171. What is the tens digit of o?
2
Let r = -27 + -36. Let z be (r - 0)*(-10)/15. Suppose 0*n + 4*n = a + 79, -2*n + z = 2*a. What is the units digit of n?
0
Let b = 80 + -5. What is the units digit of b?
5
Let y = -67 + 104. Let d = y - 17. Suppose 0 = 6*c - 104 + d. What is the units digit of c?
4
What is the units digit of 260/6*192/20?
6
Suppose 5*l - 5*c = 2*l + 2467, -3*c + 4123 = 5*l. What is the units digit of l?
4
Let z = 916 + -202. What is the tens digit of z?
1
Let p(d) = 2*d + 5. Suppose 2*t + 2*n - 30 = 2, 5*t = 